{"id":9,"date":"2021-09-22T22:22:56","date_gmt":"2021-09-23T01:22:56","guid":{"rendered":"http:\/\/vivamusica.org.br\/home\/?page_id=9"},"modified":"2024-11-19T01:25:14","modified_gmt":"2024-11-19T04:25:14","slug":"o-projeto","status":"publish","type":"page","link":"https:\/\/vivamusica.org.br\/home\/viva-musica\/o-projeto\/","title":{"rendered":"O Projeto"},"content":{"rendered":"<p>[vc_row][vc_column][vc_column_text css_animation=&#8221;lightSpeedIn&#8221;]<\/p>\n<p style=\"text-align: center;\">O Projeto Viva M\u00fasica \u00e9 aprovado pela lei Federal de Incentivo \u00e0 Cultural, desde 2013.<\/p>\n<p style=\"text-align: center;\">O Viva M\u00fasica acontece em onze polos, nas cidades de Blumenau, Ituporanga, Florian\u00f3poli, Indaial e Imbituva.<\/p>\n<p style=\"text-align: center;\">O projeto ja beneficiou mais de seis mil alunos com aulas de m\u00fasica, gratuitamente.<\/p>\n<p style=\"text-align: center;\">Em 2023 o Projeto Viva M\u00fasica tamb\u00e9m foi aprovado pela Funda\u00e7\u00e3o Catarinense de Cultura, no PIC 9906 &#8211; 145291<\/p>\n<p style=\"text-align: center;\">Com o objetivo de transformar a vida das pessoas atrav\u00e9s da m\u00fasica, o Viva M\u00fasica atua nas seguintes frentes:<\/p>\n<p>[\/vc_column_text][vc_empty_space height=&#8221;60px&#8221;][vc_row_inner][vc_column_inner width=&#8221;1\/2&#8243;]<div class=\"dt-fancy-separator h3-size style-double accent-border-color\" style=\"width: 100%;\"><div class=\"dt-fancy-title bg-on\" style=\"color: #ffffff;\"><span class=\"separator-holder separator-left\"><\/span>M\u00daSICA NA EDUCA\u00c7\u00c3O INFANTIL<span class=\"separator-holder separator-right\"><\/span><\/div><\/div>[vc_empty_space height=&#8221;15px&#8221;][vc_column_text css_animation=&#8221;lightSpeedIn&#8221;]<\/p>\n<p style=\"text-align: center; font-size: 18px; line-height: 25px;\">Aulas de musicaliza\u00e7\u00e3o infantil em Creches<\/p>\n<p>[\/vc_column_text][vc_empty_space][vc_empty_space]<div class=\"dt-fancy-separator h3-size style-double accent-border-color\" style=\"width: 100%;\"><div class=\"dt-fancy-title bg-on\" style=\"color: #ffffff;\"><span class=\"separator-holder separator-left\"><\/span>M\u00daSICA PARA ALUNO BOM DE NOTA<span class=\"separator-holder separator-right\"><\/span><\/div><\/div>[vc_empty_space height=&#8221;15px&#8221;][vc_column_text css_animation=&#8221;lightSpeedIn&#8221;]<\/p>\n<p style=\"text-align: center; font-size: 18px; line-height: 25px;\">Aulas de m\u00fasica para alunos preferencialmente da rede p\u00fablica de ensino.<\/p>\n<p>[\/vc_column_text][vc_empty_space][\/vc_column_inner][vc_column_inner width=&#8221;1\/2&#8243;]<div class=\"dt-fancy-separator h3-size style-double accent-border-color\" style=\"width: 100%;\"><div class=\"dt-fancy-title bg-on\" style=\"color: #ffffff;\"><span class=\"separator-holder separator-left\"><\/span>M\u00daSICA PARA UMA VIDA MELHOR<span class=\"separator-holder separator-right\"><\/span><\/div><\/div>[vc_empty_space height=&#8221;15px&#8221;][vc_column_text css_animation=&#8221;lightSpeedIn&#8221;]<\/p>\n<p style=\"text-align: center; font-size: 18px; line-height: 25px;\">Aulas de m\u00fasica para pessoas em tratamento contra a depend\u00eancia qu\u00edmica, e vulnerabilidade social.<\/p>\n<p>[\/vc_column_text][vc_empty_space][vc_empty_space]<div class=\"dt-fancy-separator h3-size style-double accent-border-color\" style=\"width: 100%;\"><div class=\"dt-fancy-title bg-on\" style=\"color: #ffffff;\"><span class=\"separator-holder separator-left\"><\/span>M\u00daSICA PARA INCLUS\u00c3O SOCIAL<span class=\"separator-holder separator-right\"><\/span><\/div><\/div>[vc_empty_space height=&#8221;15px&#8221;][vc_column_text css_animation=&#8221;lightSpeedIn&#8221;]<\/p>\n<p style=\"text-align: center; font-size: 18px; line-height: 25px;\">Aulas de m\u00fasica para pessoas cegas, s\u00edndrome de down, autistas, e outras pessoas com necessidades espec\u00edficas.<\/p>\n<p>[\/vc_column_text][\/vc_column_inner][\/vc_row_inner][\/vc_column][\/vc_row]<\/p>\n","protected":false},"excerpt":{"rendered":"<p>[vc_row][vc_column][vc_column_text css_animation=&#8221;lightSpeedIn&#8221;] O Projeto Viva M\u00fasica \u00e9 aprovado pela lei Federal de Incentivo \u00e0 Cultural, desde 2013. O Viva M\u00fasica acontece em onze polos, nas cidades de Blumenau, Ituporanga, Florian\u00f3poli, Indaial e Imbituva. O projeto ja beneficiou mais de seis mil alunos com aulas de m\u00fasica, gratuitamente. Em 2023 o Projeto Viva M\u00fasica tamb\u00e9m foi&hellip;<\/p>\n","protected":false},"author":1,"featured_media":0,"parent":2,"menu_order":0,"comment_status":"closed","ping_status":"closed","template":"","meta":{"footnotes":""},"_links":{"self":[{"href":"https:\/\/vivamusica.org.br\/home\/wp-json\/wp\/v2\/pages\/9"}],"collection":[{"href":"https:\/\/vivamusica.org.br\/home\/wp-json\/wp\/v2\/pages"}],"about":[{"href":"https:\/\/vivamusica.org.br\/home\/wp-json\/wp\/v2\/types\/page"}],"author":[{"embeddable":true,"href":"https:\/\/vivamusica.org.br\/home\/wp-json\/wp\/v2\/users\/1"}],"replies":[{"embeddable":true,"href":"https:\/\/vivamusica.org.br\/home\/wp-json\/wp\/v2\/comments?post=9"}],"version-history":[{"count":25,"href":"https:\/\/vivamusica.org.br\/home\/wp-json\/wp\/v2\/pages\/9\/revisions"}],"predecessor-version":[{"id":655,"href":"https:\/\/vivamusica.org.br\/home\/wp-json\/wp\/v2\/pages\/9\/revisions\/655"}],"up":[{"embeddable":true,"href":"https:\/\/vivamusica.org.br\/home\/wp-json\/wp\/v2\/pages\/2"}],"wp:attachment":[{"href":"https:\/\/vivamusica.org.br\/home\/wp-json\/wp\/v2\/media?parent=9"}],"curies":[{"name":"wp","href":"https:\/\/api.w.org\/{rel}","templated":true}]}}